{"id":74,"date":"2024-11-26T19:44:47","date_gmt":"2024-11-26T19:44:47","guid":{"rendered":"https:\/\/taskterm.eu\/?page_id=74"},"modified":"2024-12-06T23:08:24","modified_gmt":"2024-12-06T23:08:24","slug":"misija","status":"publish","type":"page","link":"https:\/\/taskterm.eu\/?page_id=74","title":{"rendered":"Misija"},"content":{"rendered":"\n<div class=\"wp-block-group is-vertical is-content-justification-stretch is-layout-flex wp-container-core-group-is-layout-b16ad781 wp-block-group-is-layout-flex\">\n<p class=\"has-text-align-left has-medium-font-size wp-container-content-9cfa9a5a\"><em>Terminologija i specijalizirano znanje <\/em>(TASK, <em>Terminology and Specialized Knowledge<\/em>) istra\u017eiva\u010dka je mre\u017ea stru\u010dnjaka koji se u Hrvatskoj bave terminolo\u0161kim radom i srodnim istra\u017eivanjima. Pokrenuta je radi izgradnje zajedni\u010dke znanstveno-stru\u010dne platforme za promoviranje terminolo\u0161ke djelatnosti, razvoj terminologije kao discipline i uspostavljanje infrastrukture za terminolo\u0161ko obrazovanje.<\/p>\n\n\n\n<p><\/p>\n<\/div>\n\n\n\n<blockquote class=\"wp-block-quote is-layout-flow wp-block-quote-is-layout-flow\">\n<p class=\"has-black-color has-text-color has-link-color has-large-font-size wp-elements-176e901a8b0e03afb3a4f2625cb4aafd\">Aktivnosti<\/p>\n<\/blockquote>\n\n\n\n<ul class=\"wp-block-list\">\n<li class=\"has-medium-font-size\">okupljanje postoje\u0107ih dostupnih terminolo\u0161kih izvora <\/li>\n\n\n\n<li class=\"has-medium-font-size\">razvoj novih terminolo\u0161kih resursa namijenjenih razli\u010ditim skupinama korisnika<\/li>\n\n\n\n<li class=\"has-medium-font-size\">odr\u017eavanje terminolo\u0161kih radionica i te\u010dajeva<\/li>\n\n\n\n<li class=\"has-medium-font-size\">popularizacija terminolo\u0161koga rada<\/li>\n<\/ul>\n\n\n\n<p class=\"has-medium-font-size\"><\/p>\n\n\n\n<p><\/p>\n\n\n\n<p class=\"has-medium-font-size\"><\/p>\n","protected":false},"excerpt":{"rendered":"<p>Terminologija i specijalizirano znanje (TASK, Terminology and Specialized Knowledge) istra\u017eiva\u010dka je mre\u017ea stru\u010dnjaka koji se u Hrvatskoj bave terminolo\u0161kim radom i srodnim istra\u017eivanjima. Pokrenuta je radi izgradnje zajedni\u010dke znanstveno-stru\u010dne platforme za promoviranje terminolo\u0161ke djelatnosti, razvoj terminologije kao discipline i uspostavljanje infrastrukture za terminolo\u0161ko obrazovanje. Aktivnosti<\/p>\n","protected":false},"author":2,"featured_media":0,"parent":0,"menu_order":0,"comment_status":"closed","ping_status":"closed","template":"","meta":{"ocean_post_layout":"","ocean_both_sidebars_style":"","ocean_both_sidebars_content_width":0,"ocean_both_sidebars_sidebars_width":0,"ocean_sidebar":"","ocean_second_sidebar":"","ocean_disable_margins":"enable","ocean_add_body_class":"","ocean_shortcode_before_top_bar":"","ocean_shortcode_after_top_bar":"","ocean_shortcode_before_header":"","ocean_shortcode_after_header":"","ocean_has_shortcode":"","ocean_shortcode_after_title":"","ocean_shortcode_before_footer_widgets":"","ocean_shortcode_after_footer_widgets":"","ocean_shortcode_before_footer_bottom":"","ocean_shortcode_after_footer_bottom":"","ocean_display_top_bar":"default","ocean_display_header":"default","ocean_header_style":"","ocean_center_header_left_menu":"","ocean_custom_header_template":"","ocean_custom_logo":0,"ocean_custom_retina_logo":0,"ocean_custom_logo_max_width":0,"ocean_custom_logo_tablet_max_width":0,"ocean_custom_logo_mobile_max_width":0,"ocean_custom_logo_max_height":0,"ocean_custom_logo_tablet_max_height":0,"ocean_custom_logo_mobile_max_height":0,"ocean_header_custom_menu":"","ocean_menu_typo_font_family":"","ocean_menu_typo_font_subset":"","ocean_menu_typo_font_size":0,"ocean_menu_typo_font_size_tablet":0,"ocean_menu_typo_font_size_mobile":0,"ocean_menu_typo_font_size_unit":"px","ocean_menu_typo_font_weight":"","ocean_menu_typo_font_weight_tablet":"","ocean_menu_typo_font_weight_mobile":"","ocean_menu_typo_transform":"","ocean_menu_typo_transform_tablet":"","ocean_menu_typo_transform_mobile":"","ocean_menu_typo_line_height":0,"ocean_menu_typo_line_height_tablet":0,"ocean_menu_typo_line_height_mobile":0,"ocean_menu_typo_line_height_unit":"","ocean_menu_typo_spacing":0,"ocean_menu_typo_spacing_tablet":0,"ocean_menu_typo_spacing_mobile":0,"ocean_menu_typo_spacing_unit":"","ocean_menu_link_color":"","ocean_menu_link_color_hover":"","ocean_menu_link_color_active":"","ocean_menu_link_background":"","ocean_menu_link_hover_background":"","ocean_menu_link_active_background":"","ocean_menu_social_links_bg":"","ocean_menu_social_hover_links_bg":"","ocean_menu_social_links_color":"","ocean_menu_social_hover_links_color":"","ocean_disable_title":"default","ocean_disable_heading":"default","ocean_post_title":"","ocean_post_subheading":"","ocean_post_title_style":"","ocean_post_title_background_color":"","ocean_post_title_background":0,"ocean_post_title_bg_image_position":"","ocean_post_title_bg_image_attachment":"","ocean_post_title_bg_image_repeat":"","ocean_post_title_bg_image_size":"","ocean_post_title_height":0,"ocean_post_title_bg_overlay":0.5,"ocean_post_title_bg_overlay_color":"","ocean_disable_breadcrumbs":"default","ocean_breadcrumbs_color":"","ocean_breadcrumbs_separator_color":"","ocean_breadcrumbs_links_color":"","ocean_breadcrumbs_links_hover_color":"","ocean_display_footer_widgets":"default","ocean_display_footer_bottom":"default","ocean_custom_footer_template":"","footnotes":""},"class_list":["post-74","page","type-page","status-publish","hentry","entry"],"_links":{"self":[{"href":"https:\/\/taskterm.eu\/index.php?rest_route=\/wp\/v2\/pages\/74","targetHints":{"allow":["GET"]}}],"collection":[{"href":"https:\/\/taskterm.eu\/index.php?rest_route=\/wp\/v2\/pages"}],"about":[{"href":"https:\/\/taskterm.eu\/index.php?rest_route=\/wp\/v2\/types\/page"}],"author":[{"embeddable":true,"href":"https:\/\/taskterm.eu\/index.php?rest_route=\/wp\/v2\/users\/2"}],"replies":[{"embeddable":true,"href":"https:\/\/taskterm.eu\/index.php?rest_route=%2Fwp%2Fv2%2Fcomments&post=74"}],"version-history":[{"count":16,"href":"https:\/\/taskterm.eu\/index.php?rest_route=\/wp\/v2\/pages\/74\/revisions"}],"predecessor-version":[{"id":103,"href":"https:\/\/taskterm.eu\/index.php?rest_route=\/wp\/v2\/pages\/74\/revisions\/103"}],"wp:attachment":[{"href":"https:\/\/taskterm.eu\/index.php?rest_route=%2Fwp%2Fv2%2Fmedia&parent=74"}],"curies":[{"name":"wp","href":"https:\/\/api.w.org\/{rel}","templated":true}]}}